{"id":16944,"date":"2018-05-07T18:31:35","date_gmt":"2018-05-07T13:01:35","guid":{"rendered":"https:\/\/www.enago.com\/academy\/?page_id=16944"},"modified":"2018-06-11T15:47:04","modified_gmt":"2018-06-11T10:17:04","slug":"presenting-at-international-conferences","status":"publish","type":"page","link":"https:\/\/www.enago.com\/academy\/presenting-at-international-conferences\/","title":{"rendered":"C\u00f3mo presentarse a una conferencia acad\u00e9mica internacional"},"content":{"rendered":"<p><iframe style=\"border: 1px solid #CCC; border-width: 1px; margin-bottom: 5px; max-width: 100%;\" data-src=\"\/\/www.slideshare.net\/slideshow\/embed_code\/key\/NTMa9YQiaqC73J\" width=\"835\" height=\"523\" frameborder=\"0\" marginwidth=\"0\" marginheight=\"0\" scrolling=\"no\" allowfullscreen=\"allowfullscreen\" src=\"data:image\/svg+xml;base64,PHN2ZyB3aWR0aD0iMSIgaGVpZ2h0PSIxIiB4bWxucz0iaHR0cDovL3d3dy53My5vcmcvMjAwMC9zdmciPjwvc3ZnPg==\" class=\"lazyload\" data-load-mode=\"1\"> <\/iframe><\/p>\n<p>La participaci\u00f3n en conferencias constituye una parte importante de la comunicaci\u00f3n cient\u00edfica y es fundamental para mejorar el panorama global de carrera de cualquier investigador. Para los investigadores principiantes, dirigirse a un gran p\u00fablico de forma efectiva y con limitaciones de tiempo puede llegar a ser una experiencia bastante abrumadora. Esta presentaci\u00f3n se centrar\u00e1 en los conceptos clave que ayudar\u00e1n a los investigadores a crear una buena presentaci\u00f3n y a entregarla con \u00e9xito en conferencias internacionales.<\/p>\n<p>Despu\u00e9s de esta sesi\u00f3n, los investigadores tendr\u00e1n m\u00e1s conocimiento sobre:<\/p>\n<ul class=\"sub-list\">\n<li>Conocer las directrices para la selecci\u00f3n de conferencias pertinentes.<\/li>\n<li>Conocer los principios que sustentan la redacci\u00f3n de res\u00famenes para conferencias.<\/li>\n<li>Planificar y preparar el contenido para las conferencias.<\/li>\n<li>Familiarizarse con los consejos pertinentes para ensayar las exposiciones y superar el p\u00e1nico esc\u00e9nico.<\/li>\n<li>Mejorar la red profesional de contactos a trav\u00e9s de las conferencias internacionales.<\/li>\n<\/ul>\n","protected":false},"excerpt":{"rendered":"<p>La participaci\u00f3n en conferencias constituye una parte importante de la comunicaci\u00f3n cient\u00edfica y es fundamental&hellip;<\/p>\n","protected":false},"author":7231,"featured_media":0,"parent":0,"menu_order":0,"comment_status":"closed","ping_status":"closed","template":"","meta":{"_acf_changed":false,"om_disable_all_campaigns":false,"footnotes":""},"ppma_author":[1900],"class_list":["post-16944","page","type-page","status-publish","hentry"],"better_featured_image":null,"acf":[],"_links":{"self":[{"href":"https:\/\/www.enago.com\/academy\/wp-json\/wp\/v2\/pages\/16944","targetHints":{"allow":["GET"]}}],"collection":[{"href":"https:\/\/www.enago.com\/academy\/wp-json\/wp\/v2\/pages"}],"about":[{"href":"https:\/\/www.enago.com\/academy\/wp-json\/wp\/v2\/types\/page"}],"author":[{"embeddable":true,"href":"https:\/\/www.enago.com\/academy\/wp-json\/wp\/v2\/users\/7231"}],"replies":[{"embeddable":true,"href":"https:\/\/www.enago.com\/academy\/wp-json\/wp\/v2\/comments?post=16944"}],"version-history":[{"count":0,"href":"https:\/\/www.enago.com\/academy\/wp-json\/wp\/v2\/pages\/16944\/revisions"}],"wp:attachment":[{"href":"https:\/\/www.enago.com\/academy\/wp-json\/wp\/v2\/media?parent=16944"}],"wp:term":[{"taxonomy":"author","embeddable":true,"href":"https:\/\/www.enago.com\/academy\/wp-json\/wp\/v2\/ppma_author?post=16944"}],"curies":[{"name":"wp","href":"https:\/\/api.w.org\/{rel}","templated":true}]}}